aluate 39 - -2 - (-638 - -643).
36
32 + -29 - (2 - (-1 + 5))
5
-7 + (6 - -2 - 12) + 18 + 1
8
What is -7 - 0 - (-26 - -6) - (-1 + -1)?
15
What is 8 + 1 + (2 - (6 - -3) - -2)?
4
What is -1 + 6 + -1 - (-9 - -5)?
8
What is 19 - (-304 + 302 - (7 + -2 - 1))?
25
What is the value of 2 - (0 - (3 + -7))?
-2
(-2 - -1) + (-58 - -63)
4
-5 + (-48 - -22 - -9)
-22
What is -3 + 0 - -31 - (5 + -11 + 14)?
20
Calculate 4 + (-3 - (8 + -12)) + (0 - -8).
13
What is the value of 1 + -16 + 3 + (-5 - -13 - 0)?
-4
(36 - 30) + 1 + 5 + -15
-3
Evaluate -2 + (-5 + 7 + 2 - (11 - -1)).
-10
What is the value of -10 - -28 - 45 - -40?
13
Evaluate 143 + -123 - (31 + 1).
-12
Calculate 10 - ((1 - (-1 - 3)) + -46 + 41).
10
11 + 6 + 7 + -25
-1
What is (3 - 0) + -6 + -11 + 2 + -2?
-14
Calculate -26 + 2 + ((-18 - -4) + 2 - 0).
-36
Calculate 73 - (14 - (-15 - 9)).
35
Evaluate 17 - ((12 - 4 - 9) + 10).
8
Calculate -47 - -24 - ((-4 - 7) + 5).
-17
What is the value of -15 + (19 - 14 - 4)?
-14
12 + 16 + (13 - 35)
6
What is -8 + -4 + (4 - 4) + 2?
-10
Calculate -6 + -16 - (-76 + 79).
-25
What is the value of (2 - 26) + (-22 - -22) + 4 + -2?
-22
What is the value of (-4 - -9) + (-16 - -1)?
-10
-10 - (6 - (6 - 0 - -19)) - -1
10
Evaluate 18 + (-8 - 2) - (37 + -34).
5
Calculate -3 + 4 + (9 - -5).
15
Evaluate (-5 - 5) + (-16 - -17) + 11.
2
Calculate -4 + (17 + 1 - (-12 + 19)).
7
Evaluate 6 + -4 + -19 + 12.
-5
What is -14 - (12 - 6 - 19)?
-1
Evaluate (-2 + 7 - (43 - 30)) + -12.
-20
What is the value of ((3 - 14) + 5 - -2) + (-1 - -6)?
1
Evaluate (39 - 30) + -1 + -25 + -6 + 2.
-21
What is the value of (-31 - -62) + -14 + -1 + -4?
12
Calculate (2 - 4) + -5 + -4.
-11
Evaluate (7 - 0) + (-9 - -4 - -8) + -6.
4
What is the value of -31 - (3 - 33) - -6?
5
Calculate (-39 - -37 - (-9 + -8)) + (1 - 0).
16
What is the value of -7 + (9 - (-11 - -12)) + 2?
3
What is the value of -38 + 47 - (0 + -5)?
14
What is -7 + (-22 - -22) - (17 + -4)?
-20
Calculate 2 - 0 - 22 - (-224 - -216).
-12
Calculate 20 - 17 - 12 - -17.
8
Evaluate 10 + 8 + -3 + -13 + 23.
25
Calculate -2 + (8 - 2 - 11) + 17.
10
Evaluate (-4 - (-10 + 17)) + 27 + 1.
17
-2 + -2 + (2 - 6 - -9) + -11
-10
What is (-11 + 7 - -19) + -10 + 13?
18
6 + 3 - (-4 + (14 - (4 - -3)))
6
What is 3 - (5 - -8 - 8)?
-2
Evaluate 1 + 12 + -22 + 35 + -14.
12
What is 34 + -5 + -30 + 58 + -30?
27
-54 - -45 - (-14 - -1)
4
Evaluate (9 - (4 + -4 + 0)) + -17.
-8
What is the value of -4 + -4 + 12 + 12 + 3 + -6?
13
What is 4 + 18 + (-29 - 13)?
-20
Calculate 2 - (-2 - (-4 - 2) - (87 - 79)).
6
What is the value of -1 - -5 - (7 + (0 - 3))?
0
What is 3 + -9 + (-3 - -16) + 4?
11
Calculate 178 + -167 + 1 + -9.
3
Evaluate (7 - 2 - (10 + -2)) + -9 + 3.
-9
What is -1 + 11 + (-4 - 0) + (38 - 35)?
9
1 + 2 - -15 - (-17 + 17) - 4
14
What is the value of -11 + 7 - (11 + 11)?
-26
Evaluate 18 + 2 - 38 - (-1 - 3).
-14
15 + (-22 - -13) + -3
3
Evaluate -2 + (4 - -7) + 10 + -9.
10
Evaluate (-2 - -3) + -2 - (35 - 30).
-6
-25 + -14 + 29 + 26
16
120 + -111 + (-17 - 1) + -1
-10
Calculate -2 + 1 + -7 + 1 + (940 - 935).
-2
Evaluate -2 - 12 - (-930 + 917).
-1
What is the value of -134 + 77 + 63 - (-2 + (2 - -11))?
-5
What is (14 + -4 - 9) + 6?
7
Calculate -20 - (-13 + (16 - 21) - -31).
-33
Calculate (1 - 21) + 162 + -159.
-17
Calculate 28 + (-9 + (25 - 7) - 23).
14
-18 + 9 + (17 - 19)
-11
What is the value of -2 + -9 + (20 - (16 + -10))?
3
(23 - 8 - 4) + 1
12
Evaluate -9 - -5 - -4 - (3 + 25) - -10.
-18
(-18 - 0 - -2) + 1 + 5
-10
What is the value of -5 + (3 + -2 - -7) + -11 + 31?
23
4 + (-3 - (-4 - -2)) + (-7 - -2)
-2
Evaluate 6 - 12 - (-4 + -7).
5
30 - (-14 + -14 + 53)
5
What is the value of (9 - 14 - 0) + 4?
-1
Evaluate 4 + (7 - 23) + 13 + -4.
-3
Calculate (-76 - -94) + -2 + -2.
14
Calculate -1 + -3 + (-2 - -3) - (-6410 - -6404).
3
What is the value of (-24 - -18) + -5 + -3 + -5 + 11?
-8
What is -8 + 0 - (-2 + 1 + 12 + -14)?
-5
What is the value of (-15 - -36) + -23 + -8 + 0?
-10
(-6 - (-12 + 1)) + 0 - 8
-3
What is the value of -10 + (4 - (2 + -21)) - 41?
-28
What is the value of -5 + (16 - 6 - (4 + 6))?
-5
What is the value of -1 + -4 + -33 + 35 + 13?
10
What is the value of 34 + -29 - (-5 + 16)?
-6
What is 2 - (15 + 15 + -10 + -2 + -5)?
-11
Evaluate (1 - 22) + (-78 - -124).
25
2 - -30 - ((-5 - -60) + -55)
32
What is -19 + 33 + -11 + -7?
-4
Calculate -18 - (-23 + (-3 - -23)).
-15
Evaluate 2 - (2 - (-7 - 5)).
-12
13 + -27 + (1 + 2 - -1)
-10
4 + 5 + -4 + -1 + 1 + 4
9
What is 28 + (-10 - (-10 + (-3 - -3)))?
28
What is (1 - (1 + 0)) + -18 + -17 + 29?
-6
Evaluate -106 + 70 - (-25 - 2).
-9
What is the value of 32 - (0 + (-1 - 0) + 11)?
22
Calculate -13 + (-11 + 24 - 3) + (-5 - -2).
-6
2 + (11 - 8 - 12) + 5
-2
Evaluate -21 + (-5 + -2 - (0 - 6)).
-22
Evaluate (1 + 0 - 7) + (70 + -162 - -101).
3
Calculate -76 - -53 - (-3 - -5 - 8).
-17
What is the value of -25 + -20 + 20 - -33?
8
What is the value of -3 + (-7 - 2 - 0)?
-12
Calculate 4 - (-7 + 0 - (-18 + (11 - 4))).
0
Evaluate (12 + -9 - 7) + -1 + 1 - 7.
-11
Calculate -2 + 3 + -46 - (-65 - (-130 - -69)).
-41
Evaluate (-743 - -738) + (0 - 0) + 9.
4
0 + 10 - 3 - (19 + (-6 - 6))
0
Calculate -2 - -3 - (-27 + 22 + 20).
-14
(0 - 0) + 21 + (82 - (2 + 87))
14
Calculate (-1 - (-13 - -15)) + 16 + 9.
22
What is 4 + (1 - ((30 - 23) + -10 + 2))?
6
Calculate 14 + (10 - 3 - 6) + -6.
9
Evaluate 2 + -2 + (26 - 18).
8
Evaluate 15 - (11 - -2) - 1.
1
What is (1 - 28 - -33) + 1 + 8?
15
-48 + 53 - (-1 + -4)
10
Evaluate 4 + -16 - (2 + (3 - 5) - 1).
-11
Evaluate 2 + 18 + 7 + -6 + -7.
14
What is the value of 5 + 7 + -3 + -8 + -2?
-1
What is -19 + (-2 - -12) + 0 + -3?
-12
What is the value of 1 + 0 + (129 - 138)?
-8
What is the value of (343 - 357) + 1 + 0?
-13
Evaluate (-2 - -1) + (26 - (10 - -6)).
9
5 + 6 + 0 + -12 - 3
-4
What is the value of -3 + (8 + -3 - 1) - (-9 - -6)?
4
Evaluate 11 + -4 + 39 + -60.
-14
Evaluate (-9 - -20) + 8 + -4 + -14.
1
Calculate -3 + 8 + 8 + 7 + -15 + 17.
22
What is 62 + -85 + 3 + (-13 - -4 - -4)?
-25
What is the value of -3 - (8 + 10 + -24 + 15 + 2)?
-14
What is the value of -3 - -7 - (8 - (6 - -7)) - -1?
10
Calculate (0 - (1 - (25 - 2))) + 1154 + -1161.
15
Evaluate -14 + -7 + (5 - -13 - 2).
-5
What is the value of -1 - (20 + -36 + -10)?
25
(1 - -21) + (-13 - (-10 - (-4 + 3)))
18
What is 36 - (-43 + 17 - -50)?
12
Evaluate -12 + (-2 - -34) + (-11 - -2).
11
Calculate (1 - 30 - -59) + -27.
3
What is the value of 19 + 13 + -3 + -20?
9
Calculate 216 + -210 + 4 + 24.
34
25 - ((31 - 8) + -10) - (35 + 0)
-23
What is the value of 30 - ((-35 - -9) + 27)?
29
Evaluate (5 - (9 + -1)) + 3 + -3.
-3
What is the value of 7 + 5 - (-4 + -3 + 33)?
-14
What is -43 + 2 - -35 - ((1 - 3) + -3)?
-1
What is ((-14 - -28) + -27 - -5) + -4 + -1?
-13
What is (0 - (-15 - -11)) + -10?
-6
Calculate (12 - (30 - -27)) + 48.
3
Calculate (-3 - (-10 - -10) - -8) + -17.
-12
3 + 19 + -4 - (56 - 1)
-37
(1 - -1) + 29 + -35
-4
(21 - 17) + 2 - 22
-16
What is the value of (-3 - -5 - -4) + 1 - (-2 + 27)?
-18
What is -274 + 245 - (-36 + 0)?
7
(-2 - -8 - (-3 - 2)) + 5
16
Calculate 6 + 0 + -7 + 13.
12
What is 2 + (-20 - -15) - (4 - 22)?
15
What is (-10 - -17) + -30 + 12?
-11
0 + 7 + 4 + 3 + -9
5
5 - (-8 + 0 - (42 + -48) - -4)
3
(1 + 6 - (-17 - -10)) + -29
-15
Evaluate (77 - 19) + -32 - 1.
25
What is the value of -4 + 9 - (-4 + 5 + -6 - -7)?
3
Calculate -4 + (-1 - -3) + 5 + 5.
8
13 - 6 - (14 + -1 + 6)
-12
(-3 - -11) + -4 + 0
4
What is the value of (6 - 4) + (7 + -4 + 5 - 17)?
-7
Calculate 20 + -14 + (13 - 13) + -4 + 0.
2
-20 + 52 - 35 - -9
6
-7 - (-41 - -35) - (1 + 5 + -1)
-6
What is the value of 2 + 18 + -9 + 7 + -7?
11
What is the value of -12 + (-4 - -14) + 29 - 17?
10
1 - (5 + (55 - 54) + -1 + -1)
-3
-2 + (-18 - -10) + 2 + 14 + -16
-10
Evaluate -238 + 238 + -12 + -2 + 1 + 1.
-12
Calculate (0 - (2 + -2)) + -96 + 95 + -2.
-3
What is the value of -53 + (-12 - (7 - 47))?
-25
Calculate 13 + (0 - 21) - ((3 - 1) + -2).
-8
Calculate ((-2 - 1) + 0 - (-2 - 28)) + -7.
20
What is the value of -8 + -16 + 12 + 12?
0
Calculate 11 - (25 - -1) - -8.
-7
What is (-1 - -2 - (-19 - -12)) + -10?
-2
What is the value of -4 - (20 + -14 + 3)?
-13
What is (-18 - (-9 - 23)) + -2?
12
Calculate (1 - -20) + (37 - 48) - (-1 + 0).
11
Calculate 178 + -135 - (-11 - -39).
15
(19 - 12 - (3 - 2)) + -18
-12
29 + 2 - (-57 - -77)
11
What is 